

{"id":2847,"date":"2020-07-11T10:45:46","date_gmt":"2020-07-11T14:45:46","guid":{"rendered":"https:\/\/reseaucompassionnetwork.ca\/evenements\/"},"modified":"2021-09-22T16:15:56","modified_gmt":"2021-09-22T20:15:56","slug":"evenements","status":"publish","type":"page","link":"https:\/\/reseaucompassionnetwork.ca\/fr\/evenements\/","title":{"rendered":"\u00c9v\u00e8nements"},"content":{"rendered":"<p>[et_pb_section fb_built=\u00a0\u00bb1&Prime; fullwidth=\u00a0\u00bbon\u00a0\u00bb next_background_color=\u00a0\u00bb#ffffff\u00a0\u00bb _builder_version=\u00a0\u00bb4.6.0&Prime; use_background_color_gradient=\u00a0\u00bbon\u00a0\u00bb background_color_gradient_start=\u00a0\u00bb#f7f4eb\u00a0\u00bb background_color_gradient_end=\u00a0\u00bbrgba(0,0,0,0)\u00a0\u00bb background_color_gradient_direction=\u00a0\u00bb97deg\u00a0\u00bb background_color_gradient_start_position=\u00a0\u00bb28%\u00a0\u00bb background_color_gradient_overlays_image=\u00a0\u00bbon\u00a0\u00bb background_image=\u00a0\u00bbhttps:\/\/reseaucompassionnetwork.ca\/wp-content\/uploads\/2021\/08\/nurse.jpg\u00a0\u00bb background_position=\u00a0\u00bbtop_center\u00a0\u00bb bottom_divider_style=\u00a0\u00bbwave2&Prime; bottom_divider_height=\u00a0\u00bb39px\u00a0\u00bb][et_pb_fullwidth_post_title title=\u00a0\u00bboff\u00a0\u00bb meta=\u00a0\u00bboff\u00a0\u00bb featured_placement=\u00a0\u00bbbackground\u00a0\u00bb admin_label=\u00a0\u00bbchange featured image in post details\u00a0\u00bb _builder_version=\u00a0\u00bb4.4.7&Prime; background_color=\u00a0\u00bbrgba(0,0,0,0)\u00a0\u00bb use_background_color_gradient=\u00a0\u00bbon\u00a0\u00bb background_color_gradient_start=\u00a0\u00bb#ffffff\u00a0\u00bb background_color_gradient_end=\u00a0\u00bbrgba(255,255,255,0)\u00a0\u00bb background_color_gradient_end_position=\u00a0\u00bb50%\u00a0\u00bb background_color_gradient_overlays_image=\u00a0\u00bbon\u00a0\u00bb][\/et_pb_fullwidth_post_title][\/et_pb_section][et_pb_section fb_built=\u00a0\u00bb1&Prime; _builder_version=\u00a0\u00bb4.4.7&Prime; background_color_gradient_start_position=\u00a0\u00bb30%\u00a0\u00bb custom_padding=\u00a0\u00bb0px||40px||false|false\u00a0\u00bb top_divider_style=\u00a0\u00bbnone\u00a0\u00bb top_divider_color=\u00a0\u00bb#f7f4eb\u00a0\u00bb top_divider_height=\u00a0\u00bb50px\u00a0\u00bb top_divider_flip=\u00a0\u00bbhorizontal\u00a0\u00bb bottom_divider_height=\u00a0\u00bb50px\u00a0\u00bb][et_pb_row _builder_version=\u00a0\u00bb4.4.7&Prime; custom_margin=\u00a0\u00bb0px||0px||false|false\u00a0\u00bb custom_padding=\u00a0\u00bb0px||0px||false|false\u00a0\u00bb][et_pb_column type=\u00a0\u00bb4_4&Prime; _builder_version=\u00a0\u00bb4.4.7&Prime;][et_pb_post_title meta=\u00a0\u00bboff\u00a0\u00bb featured_image=\u00a0\u00bboff\u00a0\u00bb _builder_version=\u00a0\u00bb4.4.7&Prime; title_text_color=\u00a0\u00bb#006699&Prime; custom_margin=\u00a0\u00bb0px||0px||false|false\u00a0\u00bb custom_padding=\u00a0\u00bb0px||0px||false|false\u00a0\u00bb][\/et_pb_post_title][\/et_pb_column][\/et_pb_row][et_pb_row column_structure=\u00a0\u00bb2_3,1_3&Prime; _builder_version=\u00a0\u00bb4.4.7&Prime; custom_padding=\u00a0\u00bb0px||25px||false|false\u00a0\u00bb][et_pb_column type=\u00a0\u00bb2_3&Prime; _builder_version=\u00a0\u00bb4.4.7&Prime;][et_pb_text _builder_version=\u00a0\u00bb4.6.0&Prime; hover_enabled=\u00a0\u00bb0&Prime; sticky_enabled=\u00a0\u00bb0&Prime;]<\/p>\n<h2><span>Dans le cadre de notre engagement envers la communaut\u00e9 et notre r\u00e9seau, nous proposons une gamme d\u2019\u00e9v\u00e8nements. Les membres de notre r\u00e9seau organisent \u00e9galement divers \u00e9v\u00e8nements qui leur sont propres tout au long de l&rsquo;ann\u00e9e.<\/span><\/h2>\n<p><span>Si vous travaillez pour une organisation de notre r\u00e9seau et vous souhaitez partager un \u00e9v\u00e9nement ici, <\/span><span><u><a href=\"mailto:communications@reseaucompassionnetwork.ca\">veuillez nous contacter<\/a>.<\/u><\/span><\/p>\n<p><span><u><\/u><\/span><\/p>\n<h3>Chemin de la r\u00e9conciliation : C\u00e9l\u00e9bration de 110 ans<\/h3>\n<p><span>Cette c\u00e9r\u00e9monie sp\u00e9ciale c\u00e9l\u00e9brera les 110 ans de soins de Marymound tout en honorant leur engagement \u00e0 promouvoir la r\u00e9conciliation dans tout ce qu&rsquo;ils font et ceux qu&rsquo;ils servent. Avec l&rsquo;aide de leur a\u00een\u00e9e en r\u00e9sidence, l&rsquo;a\u00een\u00e9e Louise, ils vont renommer leur chapelle pour la transformer en une salle de gu\u00e9rison &#8211; noojimowinan abiwin &#8211; qui apaise l&rsquo;esprit et le corps et \u00e9l\u00e8ve le c\u0153ur et l&rsquo;esprit de ceux qui y entrent.\u00a0<br \/><strong>Le 27 septembre, 2021<\/strong><br \/><strong>Organiz\u00e9 par :<\/strong>\u00a0Marymound et R\u00e9seau Compassion Network<br \/><strong>\u00c0 noter :<\/strong>\u00a0cet \u00e9v\u00e9nement est uniquement offert en anglais.<u><br \/><a href=\"https:\/\/reseaucompassionnetwork.ca\/wp-content\/uploads\/2021\/09\/MM110th_Invite.pdf%20\">Cliquez ici pour plus d&rsquo;informations<\/a><\/u><\/span><\/p>\n<p>[\/et_pb_text][\/et_pb_column][et_pb_column type=\u00a0\u00bb1_3&Prime; _builder_version=\u00a0\u00bb4.4.7&Prime;][\/et_pb_column][\/et_pb_row][\/et_pb_section][et_pb_section fb_built=\u00a0\u00bb1&Prime; module_id=\u00a0\u00bbS&rsquo;abonnez\u00a0\u00bb _builder_version=\u00a0\u00bb4.4.9&Prime; background_color=\u00a0\u00bb#006da5&Prime; use_background_color_gradient=\u00a0\u00bboff\u00a0\u00bb custom_padding=\u00a0\u00bb0px||0px|||\u00a0\u00bb top_divider_color=\u00a0\u00bb#ffffff\u00a0\u00bb top_divider_height=\u00a0\u00bb50px\u00a0\u00bb][et_pb_row column_structure=\u00a0\u00bb2_3,1_3&Prime; _builder_version=\u00a0\u00bb4.4.7&Prime;][et_pb_column type=\u00a0\u00bb2_3&Prime; _builder_version=\u00a0\u00bb4.4.7&Prime;][et_pb_signup mailchimp_list=\u00a0\u00bbR\u00e9seau Compassion Network|a4aed6dc7e\u00a0\u00bb name_field=\u00a0\u00bbon\u00a0\u00bb use_custom_fields=\u00a0\u00bbon\u00a0\u00bb success_message=\u00a0\u00bbThank you for subscribing!\u00a0\u00bb title=\u00a0\u00bbRestez connect\u00e9\u00a0\u00bb button_text=\u00a0\u00bbS&rsquo;abonner\u00a0\u00bb description=\u00a0\u00bb<\/p>\n<hr \/>\n<p>Ne manquez pas les mises \u00e0 jours au sujet de nos \u00e9v\u00e8nements et de nos nouveaux projets. Abonnez-vous d\u00e8s aujourd&rsquo;hui \u00e0 notre bulletin d&rsquo;information Compassion en Action!<\/p>\n<p>\u00a0\u00bb use_spam_service=\u00a0\u00bbon\u00a0\u00bb recaptcha_list=\u00a0\u00bbR\u00e9seau compassion network (DR)-0&Prime; disabled_on=\u00a0\u00bboff|off|off\u00a0\u00bb _builder_version=\u00a0\u00bb4.4.9&Prime; form_field_background_color=\u00a0\u00bb#006da5&Prime; form_field_text_color=\u00a0\u00bb#ffffff\u00a0\u00bb form_field_focus_background_color=\u00a0\u00bbrgba(230,240,245,0.17)\u00a0\u00bb header_text_align=\u00a0\u00bbleft\u00a0\u00bb header_font_size=\u00a0\u00bb30px\u00a0\u00bb header_line_height=\u00a0\u00bb1.5em\u00a0\u00bb form_field_text_align=\u00a0\u00bbleft\u00a0\u00bb form_field_font_size=\u00a0\u00bb16px\u00a0\u00bb background_enable_color=\u00a0\u00bboff\u00a0\u00bb custom_button=\u00a0\u00bbon\u00a0\u00bb button_text_size=\u00a0\u00bb16px\u00a0\u00bb button_bg_color=\u00a0\u00bbrgba(230,240,245,0.11)\u00a0\u00bb button_border_width=\u00a0\u00bb0px\u00a0\u00bb button_font=\u00a0\u00bb|600|on||||||\u00a0\u00bb button_use_icon=\u00a0\u00bboff\u00a0\u00bb max_width_tablet=\u00a0\u00bb100%\u00a0\u00bb max_width_phone=\u00a0\u00bb\u00a0\u00bb max_width_last_edited=\u00a0\u00bbon|phone\u00a0\u00bb module_alignment=\u00a0\u00bbcenter\u00a0\u00bb custom_margin_tablet=\u00a0\u00bb|80px||80px|false|true\u00a0\u00bb custom_margin_phone=\u00a0\u00bb|50px|0px|50px|false|true\u00a0\u00bb custom_margin_last_edited=\u00a0\u00bbon|phone\u00a0\u00bb border_width_all_fields=\u00a0\u00bb1px\u00a0\u00bb border_color_all_fields=\u00a0\u00bb#ffffff\u00a0\u00bb][et_pb_signup_custom_field field_id=\u00a0\u00bb12&Prime; field_title=\u00a0\u00bbLangue pr\u00e9f\u00e9r\u00e9e\u00a0\u00bb field_type=\u00a0\u00bbselect\u00a0\u00bb select_options=\u00a0\u00bb%91{%22checked%22:0,%22value%22:%22Anglais%22,%22id%22:0,%22dragID%22:-1},{%22checked%22:0,%22value%22:%22Fran\u00e7ais%22,%22id%22:1,%22dragID%22:0}%93&Prime; _builder_version=\u00a0\u00bb4.4.7&Prime; predefined_field=\u00a0\u00bb12&Prime;][\/et_pb_signup_custom_field][\/et_pb_signup][\/et_pb_column][et_pb_column type=\u00a0\u00bb1_3&Prime; _builder_version=\u00a0\u00bb4.4.7&Prime;][\/et_pb_column][\/et_pb_row][\/et_pb_section]<\/p>\n","protected":false},"excerpt":{"rendered":"<p>Dans le cadre de notre engagement envers la communaut\u00e9 et notre r\u00e9seau, nous proposons une gamme d\u2019\u00e9v\u00e8nements. Les membres de notre r\u00e9seau organisent \u00e9galement divers \u00e9v\u00e8nements qui leur sont propres tout au long de l&rsquo;ann\u00e9e. Si vous travaillez pour une organisation de notre r\u00e9seau et vous souhaitez partager un \u00e9v\u00e9nement ici, veuillez nous contacter. Chemin&hellip; <a class=\"continue\" href=\"https:\/\/reseaucompassionnetwork.ca\/fr\/evenements\/\">Continue Reading<span> \u00c9v\u00e8nements<\/span><\/a><\/p>\n","protected":false},"author":126,"featured_media":0,"parent":0,"menu_order":0,"comment_status":"closed","ping_status":"closed","template":"","meta":{"_et_pb_use_builder":"on","_et_pb_old_content":"","_et_gb_content_width":"","_monsterinsights_skip_tracking":false,"_monsterinsights_sitenote_active":false,"_monsterinsights_sitenote_note":"","_monsterinsights_sitenote_category":0,"footnotes":""},"class_list":["post-2847","page","type-page","status-publish","hentry"],"_links":{"self":[{"href":"https:\/\/reseaucompassionnetwork.ca\/fr\/wp-json\/wp\/v2\/pages\/2847","targetHints":{"allow":["GET"]}}],"collection":[{"href":"https:\/\/reseaucompassionnetwork.ca\/fr\/wp-json\/wp\/v2\/pages"}],"about":[{"href":"https:\/\/reseaucompassionnetwork.ca\/fr\/wp-json\/wp\/v2\/types\/page"}],"author":[{"embeddable":true,"href":"https:\/\/reseaucompassionnetwork.ca\/fr\/wp-json\/wp\/v2\/users\/126"}],"replies":[{"embeddable":true,"href":"https:\/\/reseaucompassionnetwork.ca\/fr\/wp-json\/wp\/v2\/comments?post=2847"}],"version-history":[{"count":32,"href":"https:\/\/reseaucompassionnetwork.ca\/fr\/wp-json\/wp\/v2\/pages\/2847\/revisions"}],"predecessor-version":[{"id":8641,"href":"https:\/\/reseaucompassionnetwork.ca\/fr\/wp-json\/wp\/v2\/pages\/2847\/revisions\/8641"}],"wp:attachment":[{"href":"https:\/\/reseaucompassionnetwork.ca\/fr\/wp-json\/wp\/v2\/media?parent=2847"}],"curies":[{"name":"wp","href":"https:\/\/api.w.org\/{rel}","templated":true}]}}

Évènements

<p>[et_pb_section fb_built= »1&Prime; fullwidth= »on » next_background_color= »#ffffff » _builder_version= »4.6.0&Prime; use_background_color_gradient= »on » background_color_gradient_start= »#f7f4eb » background_color_gradient_end= »rgba(0,0,0,0) » background_color_gradient_direction= »97deg » background_color_gradient_start_position= »28% » background_color_gradient_overlays_image= »on » background_image= »https://reseaucompassionnetwork.ca/wp-content/uploads/2021/08/nurse.jpg » background_position= »top_center » bottom_divider_style= »wave2&Prime; bottom_divider_height= »39px »][et_pb_fullwidth_post_title title= »off » meta= »off » featured_placement= »background » admin_label= »change featured image in post details » _builder_version= »4.4.7&Prime; background_color= »rgba(0,0,0,0) » use_background_color_gradient= »on » background_color_gradient_start= »#ffffff » background_color_gradient_end= »rgba(255,255,255,0) » background_color_gradient_end_position= »50% » background_color_gradient_overlays_image= »on »][/et_pb_fullwidth_post_title][/et_pb_section][et_pb_section fb_built= »1&Prime; _builder_version= »4.4.7&Prime; background_color_gradient_start_position= »30% » custom_padding= »0px||40px||false|false » top_divider_style= »none » top_divider_color= »#f7f4eb » top_divider_height= »50px » top_divider_flip= »horizontal » bottom_divider_height= »50px »][et_pb_row _builder_version= »4.4.7&Prime; custom_margin= »0px||0px||false|false » custom_padding= »0px||0px||false|false »][et_pb_column type= »4_4&Prime; _builder_version= »4.4.7&Prime;][et_pb_post_title meta= »off » featured_image= »off » _builder_version= »4.4.7&Prime; title_text_color= »#006699&Prime; custom_margin= »0px||0px||false|false » custom_padding= »0px||0px||false|false »][/et_pb_post_title][/et_pb_column][/et_pb_row][et_pb_row column_structure= »2_3,1_3&Prime; _builder_version= »4.4.7&Prime; custom_padding= »0px||25px||false|false »][et_pb_column type= »2_3&Prime; _builder_version= »4.4.7&Prime;][et_pb_text _builder_version= »4.6.0&Prime; hover_enabled= »0&Prime; sticky_enabled= »0&Prime;]</p>
<h2><span>Dans le cadre de notre engagement envers la communauté et notre réseau, nous proposons une gamme d’évènements. Les membres de notre réseau organisent également divers évènements qui leur sont propres tout au long de l&rsquo;année.</span></h2>
<p><span>Si vous travaillez pour une organisation de notre réseau et vous souhaitez partager un événement ici, </span><span><u><a href="mailto:communications@reseaucompassionnetwork.ca">veuillez nous contacter</a>.</u></span></p>
<p><span><u></u></span></p>
<h3>Chemin de la réconciliation : Célébration de 110 ans</h3>
<p><span>Cette cérémonie spéciale célébrera les 110 ans de soins de Marymound tout en honorant leur engagement à promouvoir la réconciliation dans tout ce qu&rsquo;ils font et ceux qu&rsquo;ils servent. Avec l&rsquo;aide de leur aînée en résidence, l&rsquo;aînée Louise, ils vont renommer leur chapelle pour la transformer en une salle de guérison &#8211; noojimowinan abiwin &#8211; qui apaise l&rsquo;esprit et le corps et élève le cœur et l&rsquo;esprit de ceux qui y entrent. <br /><strong>Le 27 septembre, 2021</strong><br /><strong>Organizé par :</strong> Marymound et Réseau Compassion Network<br /><strong>À noter :</strong> cet événement est uniquement offert en anglais.<u><br /><a href="https://reseaucompassionnetwork.ca/wp-content/uploads/2021/09/MM110th_Invite.pdf%20">Cliquez ici pour plus d&rsquo;informations</a></u></span></p>
<p>[/et_pb_text][/et_pb_column][et_pb_column type= »1_3&Prime; _builder_version= »4.4.7&Prime;][/et_pb_column][/et_pb_row][/et_pb_section][et_pb_section fb_built= »1&Prime; module_id= »S&rsquo;abonnez » _builder_version= »4.4.9&Prime; background_color= »#006da5&Prime; use_background_color_gradient= »off » custom_padding= »0px||0px||| » top_divider_color= »#ffffff » top_divider_height= »50px »][et_pb_row column_structure= »2_3,1_3&Prime; _builder_version= »4.4.7&Prime;][et_pb_column type= »2_3&Prime; _builder_version= »4.4.7&Prime;][et_pb_signup mailchimp_list= »Réseau Compassion Network|a4aed6dc7e » name_field= »on » use_custom_fields= »on » success_message= »Thank you for subscribing! » title= »Restez connecté » button_text= »S&rsquo;abonner » description= »</p>
<hr />
<p>Ne manquez pas les mises à jours au sujet de nos évènements et de nos nouveaux projets. Abonnez-vous dès aujourd&rsquo;hui à notre bulletin d&rsquo;information Compassion en Action!</p>
<p> » use_spam_service= »on » recaptcha_list= »Réseau compassion network (DR)-0&Prime; disabled_on= »off|off|off » _builder_version= »4.4.9&Prime; form_field_background_color= »#006da5&Prime; form_field_text_color= »#ffffff » form_field_focus_background_color= »rgba(230,240,245,0.17) » header_text_align= »left » header_font_size= »30px » header_line_height= »1.5em » form_field_text_align= »left » form_field_font_size= »16px » background_enable_color= »off » custom_button= »on » button_text_size= »16px » button_bg_color= »rgba(230,240,245,0.11) » button_border_width= »0px » button_font= »|600|on|||||| » button_use_icon= »off » max_width_tablet= »100% » max_width_phone= » » max_width_last_edited= »on|phone » module_alignment= »center » custom_margin_tablet= »|80px||80px|false|true » custom_margin_phone= »|50px|0px|50px|false|true » custom_margin_last_edited= »on|phone » border_width_all_fields= »1px » border_color_all_fields= »#ffffff »][et_pb_signup_custom_field field_id= »12&Prime; field_title= »Langue préférée » field_type= »select » select_options= »%91{%22checked%22:0,%22value%22:%22Anglais%22,%22id%22:0,%22dragID%22:-1},{%22checked%22:0,%22value%22:%22Français%22,%22id%22:1,%22dragID%22:0}%93&Prime; _builder_version= »4.4.7&Prime; predefined_field= »12&Prime;][/et_pb_signup_custom_field][/et_pb_signup][/et_pb_column][et_pb_column type= »1_3&Prime; _builder_version= »4.4.7&Prime;][/et_pb_column][/et_pb_row][/et_pb_section]</p>

<p>Dans le cadre de notre engagement envers la communauté et notre réseau, nous proposons une gamme d’évènements. Les membres de notre réseau organisent également divers évènements qui leur sont propres tout au long de l&rsquo;année. Si vous travaillez pour une organisation de notre réseau et vous souhaitez partager un événement ici, veuillez nous contacter. Chemin&hellip; <a class="continue" href="https://reseaucompassionnetwork.ca/fr/evenements/">Continue Reading<span> Évènements</span></a></p>
