

{"id":7429,"date":"2021-02-02T14:10:58","date_gmt":"2021-02-02T19:10:58","guid":{"rendered":"https:\/\/reseaucompassionnetwork.ca\/?post_type=mec-events&#038;p=7429"},"modified":"2021-04-29T16:59:34","modified_gmt":"2021-04-29T20:59:34","slug":"une-pratique-attentive-pour-les-professionnels-de-soutien-direct-2","status":"publish","type":"mec-events","link":"https:\/\/reseaucompassionnetwork.ca\/fr\/eventscalendar\/une-pratique-attentive-pour-les-professionnels-de-soutien-direct-2\/","title":{"rendered":"Une pratique attentive pour les professionnels de soutien direct"},"content":{"rendered":"<h3><em><strong>Les inscriptions sont ferm\u00e9es. Veuillez consulter la page des \u00e9v\u00e9nements pour d\u00e9couvrir les offres futures.<\/strong><\/em><\/h3>\n<h2>\u00c0 propos de cet \u00e9v\u00e9nement<\/h2>\n<p>Peu importe le r\u00f4le que vous jouez, votre pr\u00e9sence est importante aupr\u00e8s des gens et des familles que nous soutenons. Chaque interaction, directe ou indirecte, a un impact dans la vie de la personne qui b\u00e9n\u00e9ficie de nos programmes et services.<\/p>\n<p>Dans cette pratique attentive pour les professionnels de soutien direct, les participants pourront en apprendre davantage sur les besoins uniques, les vuln\u00e9rabilit\u00e9s et sensibilit\u00e9s des gens qui ont recours aux organismes membres du R\u00e9seau Compassion Network. Nous aborderons les impacts \u00e0 court et long terme du stress chez ceux qui b\u00e9n\u00e9ficient de services de sant\u00e9 et services sociaux. Nous d\u00e9couvrirons comment la pratique de la pleine conscience peut contribuer \u00e0 la confiance en soi et avoir un effort r\u00e9confortant pour les gens avec qui nous interagissons.<\/p>\n<p>Andrew Terhoch offrira une formation de 2 heures en ligne, par Zoom. Voici les details:<\/p>\n<ul>\n<li>Mardi, le 23 mars, 2021<\/li>\n<li>18h00 \u00e0 20h00 HC<\/li>\n<\/ul>\n<p><a href=\"https:\/\/reseaucompassionnetwork.ca\/fr\/evenements\/\" target=\"_blank\" rel=\"nofollow noopener noreferrer\">Veuillez consulter la page des \u00e9v\u00e9nements pour d\u00e9couvrir les offres futures.<\/a><\/p>\n<p>\u00c0 noter:<\/p>\n<ul>\n<li>Ce programme se tiendra sur internet.<\/li>\n<li>Ce programme est offert uniquement en anglais.<\/li>\n<li>Les participants et enseignants seront visibles \u00e0 l\u2019\u00e9cran \u00e0 maintes reprises. Il y aura des interactions de groupe et individuelles, comme dans une salle de classe. Aucune exp\u00e9rience en pleine conscience ou en compassion n\u2019est requise.<\/li>\n<\/ul>\n<p>Le co\u00fbt du programme varie selon vos capacit\u00e9s. Veuillez s\u00e9lectionner ce qui vous convient, sachant que l\u2019argent servira \u00e0 de la formation dans le cadre du Projet Compassion.<\/p>\n<ul>\n<li>Bienfaiteur 50 $<\/li>\n<li>Sympathisant 25 $<\/li>\n<li>De Base 10 $<\/li>\n<\/ul>\n<p>Contactez-nous si vous souhaitez une aide financi\u00e8re pour pouvoir participer.<\/p>\n<p>Vous pouvez envoyer vos questions par courriel \u00e0 compassion@reseaucompassionnetwork.ca.<\/p>\n<p><strong>\u00c0 propos de l&rsquo;instructeur:<\/strong><\/p>\n<p>Andrew Terhoch fait partie du R\u00e9seau Compassion \u00e0 titre de Patricien de la sant\u00e9 spirituelle \u00e0 St-Amant. Tous les jours, il aide des gens de toutes les cultures et religions \u00e0 maintenir ce lien spirituel dans leur quotidien. Il a commenc\u00e9 la m\u00e9ditation il y a de cela 30 ans, comme pratique quotidienne et mani\u00e8re de g\u00e9rer l\u2019anxi\u00e9t\u00e9. Il continue de mettre en pratique ces connaissances tous les jours par l\u2019interm\u00e9diaire d\u2019enseignements traditionnels.<\/p>\n","protected":false},"excerpt":{"rendered":"<p>Les inscriptions sont ferm\u00e9es. Veuillez consulter la page des \u00e9v\u00e9nements pour d\u00e9couvrir les offres futures. \u00c0 propos de cet \u00e9v\u00e9nement Peu importe le r\u00f4le que vous jouez, votre pr\u00e9sence est importante aupr\u00e8s des gens et des familles que nous soutenons. Chaque interaction, directe ou indirecte, a un impact dans la vie de la personne qui&hellip; <a class=\"continue\" href=\"https:\/\/reseaucompassionnetwork.ca\/fr\/eventscalendar\/une-pratique-attentive-pour-les-professionnels-de-soutien-direct-2\/\">Continue Reading<span> Une pratique attentive pour les professionnels de soutien direct<\/span><\/a><\/p>\n","protected":false},"author":4,"featured_media":7436,"comment_status":"closed","ping_status":"closed","template":"","tags":[],"mec_category":[],"class_list":["post-7429","mec-events","type-mec-events","status-publish","has-post-thumbnail","hentry"],"_links":{"self":[{"href":"https:\/\/reseaucompassionnetwork.ca\/fr\/wp-json\/wp\/v2\/mec-events\/7429","targetHints":{"allow":["GET"]}}],"collection":[{"href":"https:\/\/reseaucompassionnetwork.ca\/fr\/wp-json\/wp\/v2\/mec-events"}],"about":[{"href":"https:\/\/reseaucompassionnetwork.ca\/fr\/wp-json\/wp\/v2\/types\/mec-events"}],"author":[{"embeddable":true,"href":"https:\/\/reseaucompassionnetwork.ca\/fr\/wp-json\/wp\/v2\/users\/4"}],"replies":[{"embeddable":true,"href":"https:\/\/reseaucompassionnetwork.ca\/fr\/wp-json\/wp\/v2\/comments?post=7429"}],"wp:featuredmedia":[{"embeddable":true,"href":"https:\/\/reseaucompassionnetwork.ca\/fr\/wp-json\/wp\/v2\/media\/7436"}],"wp:attachment":[{"href":"https:\/\/reseaucompassionnetwork.ca\/fr\/wp-json\/wp\/v2\/media?parent=7429"}],"wp:term":[{"taxonomy":"post_tag","embeddable":true,"href":"https:\/\/reseaucompassionnetwork.ca\/fr\/wp-json\/wp\/v2\/tags?post=7429"},{"taxonomy":"mec_category","embeddable":true,"href":"https:\/\/reseaucompassionnetwork.ca\/fr\/wp-json\/wp\/v2\/mec_category?post=7429"}],"curies":[{"name":"wp","href":"https:\/\/api.w.org\/{rel}","templated":true}]}}

<h3><em><strong>Les inscriptions sont fermées. Veuillez consulter la page des événements pour découvrir les offres futures.</strong></em></h3>
<h2>À propos de cet événement</h2>
<p>Peu importe le rôle que vous jouez, votre présence est importante auprès des gens et des familles que nous soutenons. Chaque interaction, directe ou indirecte, a un impact dans la vie de la personne qui bénéficie de nos programmes et services.</p>
<p>Dans cette pratique attentive pour les professionnels de soutien direct, les participants pourront en apprendre davantage sur les besoins uniques, les vulnérabilités et sensibilités des gens qui ont recours aux organismes membres du Réseau Compassion Network. Nous aborderons les impacts à court et long terme du stress chez ceux qui bénéficient de services de santé et services sociaux. Nous découvrirons comment la pratique de la pleine conscience peut contribuer à la confiance en soi et avoir un effort réconfortant pour les gens avec qui nous interagissons.</p>
<p>Andrew Terhoch offrira une formation de 2 heures en ligne, par Zoom. Voici les details:</p>
<ul>
<li>Mardi, le 23 mars, 2021</li>
<li>18h00 à 20h00 HC</li>
</ul>
<p><a href="https://reseaucompassionnetwork.ca/fr/evenements/" target="_blank" rel="nofollow noopener noreferrer">Veuillez consulter la page des événements pour découvrir les offres futures.</a></p>
<p>À noter:</p>
<ul>
<li>Ce programme se tiendra sur internet.</li>
<li>Ce programme est offert uniquement en anglais.</li>
<li>Les participants et enseignants seront visibles à l’écran à maintes reprises. Il y aura des interactions de groupe et individuelles, comme dans une salle de classe. Aucune expérience en pleine conscience ou en compassion n’est requise.</li>
</ul>
<p>Le coût du programme varie selon vos capacités. Veuillez sélectionner ce qui vous convient, sachant que l’argent servira à de la formation dans le cadre du Projet Compassion.</p>
<ul>
<li>Bienfaiteur 50 $</li>
<li>Sympathisant 25 $</li>
<li>De Base 10 $</li>
</ul>
<p>Contactez-nous si vous souhaitez une aide financière pour pouvoir participer.</p>
<p>Vous pouvez envoyer vos questions par courriel à compassion@reseaucompassionnetwork.ca.</p>
<p><strong>À propos de l&rsquo;instructeur:</strong></p>
<p>Andrew Terhoch fait partie du Réseau Compassion à titre de Patricien de la santé spirituelle à St-Amant. Tous les jours, il aide des gens de toutes les cultures et religions à maintenir ce lien spirituel dans leur quotidien. Il a commencé la méditation il y a de cela 30 ans, comme pratique quotidienne et manière de gérer l’anxiété. Il continue de mettre en pratique ces connaissances tous les jours par l’intermédiaire d’enseignements traditionnels.</p>

<p>Les inscriptions sont fermées. Veuillez consulter la page des événements pour découvrir les offres futures. À propos de cet événement Peu importe le rôle que vous jouez, votre présence est importante auprès des gens et des familles que nous soutenons. Chaque interaction, directe ou indirecte, a un impact dans la vie de la personne qui&hellip; <a class="continue" href="https://reseaucompassionnetwork.ca/fr/eventscalendar/une-pratique-attentive-pour-les-professionnels-de-soutien-direct-2/">Continue Reading<span> Une pratique attentive pour les professionnels de soutien direct</span></a></p>
